ase 6.
54040
8cc9 (base 16) to base 9
54385
Convert 986b (base 13) to base 11.
14a36
Convert -9136 (base 15) to base 13.
-10c4a
Convert -10 (base 3) to base 11.
-3
Convert -185 (base 11) to base 3.
-21221
What is 12308 (base 9) in base 10?
8270
-223103 (base 6) to base 3
-221211110
-122 (base 13) to base 9
-238
Convert 266 (base 13) to base 2.
110100110
100111010001101 (base 2) to base 14
7485
-290 (base 10) to base 13
-194
10000101101010000 (base 2) to base 11
47461
Convert b5c (base 13) to base 7.
5434
What is -42320 (base 5) in base 15?
-c90
1110000 (base 3) to base 2
10000011101
1011001011 (base 2) to base 10
715
What is 907 (base 10) in base 7?
2434
Convert -242 (base 13) to base 10.
-392
What is 7968 (base 14) in base 3?
1001220011
Convert 1923 (base 10) to base 7.
5415
What is -1c4 (base 15) in base 6?
-1521
What is 100 (base 7) in base 2?
110001
What is 35c3 (base 15) in base 13?
5286
Convert -12168 (base 14) to base 6.
-540332
-707 (base 10) to base 7
-2030
Convert -924 (base 10) to base 15.
-419
Convert -23003113 (base 4) to base 16.
-b0d7
What is 10121101 (base 3) in base 5?
41004
Convert 10450 (base 7) to base 15.
ba7
-14 (base 16) to base 15
-15
1343413 (base 6) to base 10
75969
Convert 13340 (base 9) to base 13.
4155
3023232 (base 4) to base 3
122212220
Convert -316c (base 13) to base 9.
-10351
What is 1001000110000 (base 2) in base 16?
1230
30323 (base 5) to base 7
5503
What is 39 (base 16) in base 5?
212
Convert 31434 (base 5) to base 13.
c70
What is -201 (base 10) in base 12?
-149
What is -112002 (base 6) in base 8?
-22442
204212 (base 5) to base 4
1222113
What is -111001100000 (base 2) in base 9?
-5038
1044253 (base 6) to base 12
26689
Convert 111001011 (base 2) to base 13.
294
-1045 (base 9) to base 8
-1402
111100000000 (base 2) to base 11
2981
-2045 (base 15) to base 12
-3b3b
Convert 412 (base 6) to base 9.
178
Convert -28a (base 11) to base 15.
-17a
-2011121 (base 3) to base 15
-707
Convert 220425 (base 6) to base 16.
4781
433 (base 11) to base 2
1000001000
Convert -15a55 (base 11) to base 2.
-101100000100110
-2341 (base 5) to base 8
-532
Convert -49a (base 13) to base 14.
-415
What is 1bda (base 14) in base 2?
1001111100100
-61dc (base 16) to base 11
-17905
Convert -30 (base 10) to base 12.
-26
What is -111100100011 (base 2) in base 5?
-111000
Convert -133201 (base 4) to base 10.
-2017
What is -35664 (base 9) in base 6?
-302304
What is 1274 (base 8) in base 15?
31a
-120230 (base 5) to base 12
-26a0
What is -c22 (base 16) in base 10?
-3106
2000012 (base 3) to base 8
2667
Convert -1221001001 (base 3) to base 9.
-57031
164 (base 8) to base 7
224
132121 (base 4) to base 16
799
Convert 441 (base 12) to base 8.
1161
-31303 (base 4) to base 5
-12013
What is -b57 (base 12) in base 4?
-121303
What is -1621c (base 13) in base 8?
-122172
What is 401243 (base 5) in base 4?
3012122
17601 (base 9) to base 11
9147
-311010 (base 6) to base 12
-12466
What is 31b (base 13) in base 16?
213
-30 (base 16) to base 15
-33
What is 824 (base 11) in base 15?
464
What is 13833 (base 9) in base 13?
43a1
-23122 (base 7) to base 14
-2212
-213133 (base 4) to base 12
-1567
617 (base 8) to base 16
18f
What is -74 (base 15) in base 9?
-131
658 (base 11) to base 4
30111
3131 (base 6) to base 4
22333
Convert 1413 (base 6) to base 2.
101110001
-231 (base 7) to base 8
-170
What is 871 (base 12) in base 15?
577
Convert -c2d7 (base 16) to base 14.
-1426b
Convert -632 (base 10) to base 4.
-21320
What is -1b7a6 (base 13) in base 12?
-2733b
Convert -736 (base 13) to base 12.
-864
-44234 (base 5) to base 15
-d99
111001010100 (base 2) to base 11
2835
Convert 1a73 (base 11) to base 8.
5075
56440 (base 9) to base 2
1001001010100011
What is 214511 (base 6) in base 16?
45eb
Convert -1d5 (base 15) to base 7.
-1145
What is 1000 (base 10) in base 3?
1101001
235430 (base 6) to base 9
31330
3124 (base 11) to base 7
15033
13345 (base 7) to base 2
111000011010
What is -b6 (base 15) in base 2?
-10101011
Convert -10220222 (base 3) to base 6.
-21125
a5 (base 12) to base 7
236
Convert -1359 (base 13) to base 10.
-2778
-8d59 (base 15) to base 8
-72471
Convert d1 (base 15) to base 9.
237
What is -1110100000000 (base 2) in base 7?
-30434
242 (base 9) to base 16
c8
-113828 (base 9) to base 10
-68471
Convert a60 (base 12) to base 3.
2002000
101001001 (base 2) to base 6
1305
What is 27 (base 14) in base 13?
29
Convert 20123213 (base 4) to base 11.
23a46
18570 (base 9) to base 8
31075
What is 122142 (base 5) in base 15?
15b7
Convert -21134 (base 10) to base 3.
-1001222202
What is -21322 (base 5) in base 10?
-1462
Convert -4352 (base 12) to base 13.
-34a9
Convert -100705 (base 8) to base 6.
-413445
What is 286c (base 14) in base 15?
21bc
-290 (base 16) to base 14
-34c
Convert 109 (base 14) to base 2.
11001101
Convert -7c71 (base 15) to base 14.
-98bd
Convert -26bd (base 16) to base 3.
-111121022
Convert -5ae3 (base 15) to base 12.
-b236
What is 29 (base 16) in base 3?
1112
2b7 (base 16) to base 9
852
25232 (base 6) to base 3
12011102
10513 (base 7) to base 15
bc1
-8077 (base 12) to base 16
-365b
Convert -2a5 (base 14) to base 9.
-656
What is -111101011100 (base 2) in base 12?
-2338
-232d (base 16) to base 12
-5265
What is 32 (base 4) in base 5?
24
-10111332 (base 4) to base 11
-12403
Convert 99 (base 14) to base 12.
b3
Convert a29 (base 14) to base 5.
30442
Convert 3a (base 15) to base 12.
47
Convert -3303212 (base 4) to base 16.
-3ce6
What is 3632 (base 9) in base 10?
2702
Convert -39a (base 15) to base 3.
-1010101
What is -1170 (base 10) in base 12?
-816
1047 (base 8) to base 7
1415
What is 206b (base 12) in base 5?
103124
What is -b398 (base 13) in base 10?
-24799
What is -1608 (base 12) in base 3?
-10120022
22 (base 15) to base 7
44
2b45 (base 15) to base 5
244130
What is -756 (base 10) in base 3?
-1001000
What is -1123 (base 9) in base 2?
-1100111111
1011100 (base 2) to base 10
92
Convert 2 (base 14) to base 16.
2
Convert -11110001101000 (base 2) to base 12.
-8b48
What is 37251 (base 8) in base 10?
16041
Convert cb15 (base 13) to base 8.
67121
What is 1010001001 (base 2) in base 14?
345
What is -1985 (base 12) in base 6?
-22245
Convert 49165 (base 10) to base 16.
c00d
What is 2a71 (base 15) in base 9?
13437
29491 (base 12) to base 8
160555
Convert 6125 (base 14) to base 9.
24807
What is -2095 (base 11) in base 13?
-134a
210221 (base 3) to base 2
1001010000
4613 (base 7) to base 10
1676
Convert -884 (base 11) to base 9.
-1407
Convert -30730 (base 10) to base 12.
-1594a
What is 410144 (base 5) in base 7?
53260
Convert 31661 (base 7) to base 3.
101210222
Convert -2e20 (base 16) to base 6.
-130400
Convert -3661 (base 7) to base 14.
-6d8
Convert -227a0 (base 12) to base 7.
-251163
What is -3637 (base 9) in base 7?
-10615
Convert -9741 (base 11) to base 5.
-402441
What is c344 (base 13) in base 9?
40838
-4661 (base 16) to base 6
-215225
What is 580e (base 15) in base 13?
8678
What is -603 (base 7) in base 15?
-14c
What is 252 (base 12) in base 7?
1010
Convert 10002 (base 6) to base 8.
2422
Convert 165b (base 12) to base 13.
129b
Convert 3267 (base 8) to base 9.
2320
What is -2353 (base 8) in base 9?
-1648
-3673 (base 13) to base 12
-4557
Convert -31a (base 12) to base 6.
-2034
Convert 1100001001 (base 2) to base 3.
1001210
13084 (base 9) to base 6
104504
Convert -103715 (base 8) to base 13.
-12a93
Convert -18c60 (base 13) to base 7.
-260436
What is -151 (base 12) in base 7?
-412
What is -2120122 (base 3) in base 11?
-145a
What is -3023112 (base 5) in base 2?
-1011110110010100
What is cb0d (base 15) in base 12?
20a64
12674 (base 10) to base 3
122101102
What is -23b4 (base 12) in base 6?
-30344
What is 1201220221 (base 3) in base 5?
2043312
Convert -2029 (base 11) to base 8.
-5205
Convert 1402 (base 16) to base 12.
2b6a
440 (base 6) to base 9
206
814 (base 10) to base 5
11224
Convert -4433 (base 5) to base 15.
-2b3
-1354 (base 7) to base 13
-319
-41541 (base 8) to base 9
-25585
-100201201 (base 3) to base 12
-4131
490 (base 14) to base 4
32032
3032304 (base 5) to base 15
e81e
Convert -25791 (base 11) to base 10.
-36884
What is 10101012 (base 3) in base 6?
15222
135322 (base 6) to base 12
7542
Convert -3499 (base 13) to base 4.
-1303201
-59e (base 16) to base 14
-74a
What is 3213240 (bas